3/2*v**2 + 0. What is g(5)?
2
Let y(q) = -2*q**2 - q**3 - q**2 + 0*q + 7 - 4*q + 3*q**3. Let p(n) = -n**3 + 3*n**2 + 3*n - 6. Let a(g) = -3*p(g) - 2*y(g). Let m = -3 - 0. What is a(m)?
7
Let l = 57 - 62. Let m(b) = -b**2 - 2*b - 1. What is m(l)?
-16
Let u(x) be the first derivative of 5 + 19*x**3 - 9*x**3 + x - 11*x**3 + x**2. Suppose -4*q - d + 5 = 0, 0 = 2*q - 3*q - 2*d - 4. Determine u(q).
-7
Let f(q) be the second derivative of q**3/6 - q**2/2 + 5*q. What is f(3)?
2
Let g(f) = -f**2 - 2*f - 2. Let m(l) = l**2 + l + 3. Let i(o) = -4*o + 17. Let n be i(5). Let t(z) = n*g(z) - 4*m(z). What is t(4)?
-14
Let q(u) = u**3 - 8*u**2 - 9*u + 6. Let i be q(9). Let d(a) = 6*a**2 - 5*a - 1. Let l(y) = -5*y**2 + 5*y + 2. Let f(x) = 4*d(x) + 5*l(x). Determine f(i).
0
Let m(b) be the third derivative of b**6/120 - b**5/10 + b**4/8 + b**3/6 + 17*b**2. What is m(6)?
19
Suppose 3*q - 15 = -4*d + 4*q, 0 = 3*d - 3*q - 18. Let v(n) = -n**2 + 1. Give v(d).
-8
Let o(l) be the third derivative of -l**6/360 + l**5/20 - l**4/12 - 5*l**3/6 + 2*l**2. Let j(v) be the first derivative of o(v). What is j(4)?
6
Let q(s) = 3*s - 4*s**2 - 3 + 3. Suppose -6*b + 13 - 1 = 0. What is q(b)?
-10
Suppose 0 = -2*m - m. Let b(h) = h + 12. Give b(m).
12
Suppose 5*t = 23 - 53. Let v(r) = 20*r + 41. Let d(a) be the second derivative of -7*a**3/6 - 7*a**2 - 6*a. Let f(s) = t*v(s) - 17*d(s). Calculate f(-6).
-2
Suppose 4*n + 28 = -5*g - 14, 0 = 2*g + 5*n + 27. Let l(p) = p - 1. Determine l(g).
-7
Let j(a) = a**2 - 5*a + 5. Let p(f) = -2*f**2 + 9*f - 9. Let w(s) = -5*j(s) - 3*p(s). Let k be 2 - (0/(-2))/2. Determine w(k).
2
Let n = -4 + -1. Let r(j) = j + 15 + 0*j - 11. What is r(n)?
-1
Suppose 0 = -u - 0*u. Let l(q) = q - 3. Let v be l(u). Let p(o) = -o - 5. What is p(v)?
-2
Let h(o) = -3*o + 5*o**2 - 18 + 4*o**2 + o + 17. Determine h(-1).
10
Let x(w) be the first derivative of -w**4/24 - 2*w**3 - 3*w**2/2 + 1. Let k(u) be the second derivative of x(u). Determine k(-6).
-6
Let v = -1 - -1. Suppose 2*u - 5*u + 18 = v. Let l(g) = -g**2 + 5*g + 8. Calculate l(u).
2
Suppose 0 = -0*c - 2*c + 38. Suppose 0 = 2*f - 4*v - 24, -f - 4*v + 1 - c = 0. Let t(q) = -q**3 - q**2 + 3*q - 3. Determine t(f).
-9
Let r be (-6)/4 - 377/(-58). Let b(q) = q**2 - 5*q. Give b(r).
0
Let f(g) = 7*g + 11. Let d(o) = o + 1. Let s(x) = -4*d(x) + f(x). Let j(u) = 5*u + 11. Let r(z) = 5*j(z) - 8*s(z). Let q be 1*-4*(3 + -2). Give r(q).
-5
Let t = -112 - -109. Let g(y) = y**3 + 2*y**2 + 4*y - 1. What is g(t)?
-22
Let b be -1 + (7 + 1 - 1). Let m(x) = 7*x - 3 - 3 - 188*x**2 + 187*x**2. Determine m(b).
0
Let l(h) = -h**2 - h - 3. Let b be (-27)/5 - 2/(-5). Let y = -5 - b. What is l(y)?
-3
Let g(p) = -17 + 14 - 22*p**2 + 9*p + 21*p**2. Determine g(9).
-3
Let b(q) = -q**2. Let g = 32 + -16. Suppose -r + 3*n + 14 = 0, -3*n - g = -2*r - 0*n. Determine b(r).
-4
Let d(f) = -1. Let v(t) = -t + 5. Let m(k) = -5*d(k) - v(k). What is m(-2)?
-2
Let r(n) = -2*n - 13. Let z be r(-9). Let m(v) be the third derivative of -v**6/120 + v**5/15 + 7*v**4/24 - v**3/2 - 27*v**2. Determine m(z).
7
Let p(k) = -5*k + 2 - k**2 + k + 2*k**2 - k. Let t be (-2)/7 + (-122)/14. Let u = 14 + t. Give p(u).
2
Let s = 5 - 4. Let o(i) = 3*i**2 + i. What is o(s)?
4
Let c(h) be the first derivative of -3*h**2/2 - 3*h + 1. Let u(s) = -s**2 - 4*s + 2. Let k be u(-5). Calculate c(k).
6
Let w be (-3)/(-1)*1/(-1). Let n be 1*(-2 - -1) - w. Let m(p) = n*p**2 + p + p**2 - 2*p**2. Calculate m(0).
0
Suppose 19 = k + 3*x, -3*x = 4*k - 0*x - 67. Let g = 6 + -1. Suppose -t + g*t = -k. Let r(d) = -d - 7. What is r(t)?
-3
Let i(r) be the second derivative of r**4/12 + r**3/2 - 3*r**2/2 + r. Let o be (60/(-18))/(4/6). Give i(o).
7
Suppose 5*c = 15 - 5. Let y(a) = 4*a**3 + 5*a**2 + 2*a - 6. Let p(q) = 3*q**3 + 4*q**2 + 2*q - 5. Let b(i) = -5*p(i) + 4*y(i). Give b(c).
5
Suppose 5*g - 3*r = 26, g = 4*r + 1 + 11. Let u(c) = -c**2 + 3*c - 3. Calculate u(g).
-7
Let s(d) = -3 + d**3 - 1372*d + 1381*d + 0*d**3 + 10*d**2. What is s(-9)?
-3
Let y(h) be the second derivative of h**5/20 + h**4/12 + h**3/6 + h**2 - h. Let q be y(0). Let w(f) = -3 + f**q + 0*f**2 + 5*f + 6. Give w(-4).
-1
Let v(r) be the first derivative of -5*r**2/2 - 3*r - 3. Determine v(-3).
12
Let i(k) be the first derivative of -2*k**3/3 - 3*k**2 - 6*k - 5. Give i(-4).
-14
Let y(d) = -2*d + 4. Let f(v) be the first derivative of -v**3/3 + 3*v**2/2 - 2*v + 1. Let o be f(2). Suppose o = 4*m + 8, -3*r + 3*m = 10 - 31. Calculate y(r).
-6
Suppose 3*k = 3 - 3. Let o(z) = -2*z**2 - z. Let q(n) = 3*n**2 + 2*n - 1. Let b(g) = -5*o(g) - 3*q(g). Determine b(k).
3
Suppose -f + 0 = -3. Let i(x) = f - 4 - 8*x + 5*x. Give i(2).
-7
Suppose -s + 2 + 0 = 0. Suppose a = s*a. Suppose a*b + 2*b = -8. Let y(g) = -g - 2. What is y(b)?
2
Suppose 2*t + 3*m = 4*t - 2, t = -4*m + 1. Let u(p) = 7*p - 5*p**2 + t - 2 + 9 + 1 - p**3. Calculate u(-6).
3
Let k(x) = x**3 + x**2 - 2*x - 1. Let i(g) = -2*g**2 - 2*g + 10. Let u be i(2). What is k(u)?
-1
Let q = -2 + 5. Let o(t) = 4*t**2 + 2*t + 3. Let l(y) = y**2 + 1. Let x(a) = q*l(a) - o(a). Let s be -3*8/108 + (-100)/36. Give x(s).
-3
Let n be (-32)/(-14) + (-8)/28. Let c(j) = -j - 6*j + 3*j**n + 7 - 2*j**2. Let t = 0 - -5. Calculate c(t).
-3
Let b = 21 + -20. Let r(q) = 3*q**2 - q. Calculate r(b).
2
Suppose 8 = 4*g - 16. Let t(n) = 6*n - 3. Let k(v) = v - 1. Let p(c) = -4*c + 2. Let x(q) = -k(q) + p(q). Let f(i) = g*t(i) + 7*x(i). Determine f(5).
8
Suppose 98*v - 8 = 102*v. Let c = -1 - 0. Let m be v*c*(-10)/(-4). Let b(o) = -o**3 + 6*o**2 - 7*o + 3. Determine b(m).
-7
Let o be (-2)/7 + (-96)/7. Let y = 40 + o. Let c be y/6 + (-1)/3. Let k(z) = z - 1. Determine k(c).
3
Let i(n) = 3*n + 4. Suppose -3*y + 2*o = 34, 2*y - o + 29 - 8 = 0. Calculate i(y).
-20
Let v(i) be the second derivative of i**5/20 - i**4/6 + i**3/6 + 23*i. What is v(3)?
12
Let u = 144 - 141. Let n(a) = -a**2 + 2*a. What is n(u)?
-3
Suppose 0 = 2*h - 5 - 1. Suppose g - h*o - 7 = 8, 2*g + 4*o = -20. Let y(b) = -4*b + g*b + 3*b. Calculate y(4).
-4
Let g(m) = -2 - 3*m**2 + 5 + m**2 - 4. Calculate g(-3).
-19
Let j(l) = -l**3 - 2*l**2 - l + 1. Let w(m) = m**3 + m**2. Let y(k) = j(k) + 2*w(k). Calculate y(-2).
-5
Let x = -7 + 13. Let v(a) = -a**3 + 6*a**2 + a - 5. Let n be v(x). Let t(k) = 2*k + n + k + 0*k. Calculate t(1).
4
Let h(x) = x**3 - x + 1. Let q(c) = -4*c**3 - 7*c**2 - 2*c - 2. Let m(k) = -k**3 - k**2 + 1. Let g(p) = -6*m(p) + q(p). Let u(o) = g(o) - 3*h(o). Give u(0).
-11
Let v(d) be the second derivative of -1/2*d**3 + 0 - 2*d + d**2. What is v(3)?
-7
Let l(k) = 4*k**2 - 4*k - 2. Let y(x) = -7*x**2 + 8*x + 5. Let g(w) = -5*l(w) - 3*y(w). Give g(4).
-5
Let d(a) = a**3 + 7*a**2 - 7*a - 1. Suppose 0 = -0*u - 2*u - 4. Let p(n) = -n**3 - 6*n**2 + 6*n + 1. Let b(k) = u*d(k) - 3*p(k). Give b(-5).
-6
Suppose -l + 5*l - 16 = 0. Let m = l + 0. Let p(r) = -4*r**2 + 7*r - 8. Let h(u) = -9*u**2 + 14*u - 17. Let j(x) = 3*h(x) - 7*p(x). Determine j(m).
-7
Let m(c) = 11*c**3 + 15*c**2 + 23*c - 9. Let j(w) = -4*w**3 - 5*w**2 - 8*w + 3. Let g(h) = -8*j(h) - 3*m(h). Determine g(-4).
7
Suppose -36 = -4*h - 0*h. Let m(c) = c + 2. Let u be m(0). Let a be h/6*u*-1. Let d(f) = f**2 + 2*f - 1. Give d(a).
2
Let p(z) = 7*z - 38. Let u be p(7). Let t(k) = -k**3 + 10*k**2 + 11*k - 1. Calculate t(u).
-1
Let y(b) = b + 8. Let r(z) = z**3 - 5*z**2 + 4*z. Let n be r(3). Determine y(n).
2
Let f be 6/(-4)*4/(-3). Let a(x) = -2 - f*x - x**3 - 2*x - 4*x**2 + 2*x**3. Let q = 4 - -1. Determine a(q).
3
Let j be 3 + 140/(-44) - (-57)/132. Let k(i) be the first derivative of j*i**4 - 1 + 7*i + 1/2*i**2 - 1/3*i**3. What is k(0)?
7
Let w(h) = h**2 - 2*h - 3*h - 7 + 1 + 1. Give w(5).
-5
Let n(h) = h**3 + 12*h**2 + 11*h + 2. Let s(o) = o**3 + 11*o**2 + 10*o + 1. Let i(r) = -4*n(r) + 5*s(r). Calculate i(-6).
-3
Let s(f) = f**3 + f**2 + 1. Let h(c) = -5*c**3 - 5*c**2 - 4. Let v(t) = -h(t) - 4*s(t). Suppose 0 = -4*g + 16, -4*g + 2 + 6 = -4*l. What is v(l)?
12
Let b(f) be the second derivative of -f**3/3 + 5*f**2 - 3*f + 2. Determine b(8).
-6
Let n be (-228)/(-60) - (-2)/10. Let y(x) = x**2 - 4*x + 4. Calculate y(n).
4
Suppose -3*l = -5*y + 11 + 14, -4*l - 20 = 0. Let k(g) = -g + y*g**2 - 2*g**2 + g**2 + 4*g**3. Give k(1).
4
Let y(h) = 7*h + 1. Let t(w) = -19*w - 2. Let